4 (base 9) to base 8.
160
What is 52 (base 10) in base 12?
44
Convert -2a (base 14) to base 7.
-53
Convert 14 (base 9) to base 16.
d
Convert -2 (base 5) to base 2.
-10
-10d (base 15) to base 14
-130
-7 (base 8) to base 5
-12
What is 7 (base 16) in base 4?
13
What is -11 (base 6) in base 14?
-7
Convert 12 (base 15) to base 7.
23
170 (base 8) to base 5
440
Convert 0 (base 12) to base 16.
0
-6 (base 15) to base 11
-6
Convert d8 (base 15) to base 4.
3023
What is -110 (base 2) in base 4?
-12
What is -2 (base 8) in base 4?
-2
Convert -4 (base 7) to base 9.
-4
-98 (base 13) to base 8
-175
Convert -100001 (base 2) to base 9.
-36
What is 3a (base 12) in base 8?
56
-ba (base 12) to base 14
-a2
0 (base 13) to base 10
0
What is -26 (base 16) in base 11?
-35
What is 2 (base 9) in base 16?
2
What is 54 (base 16) in base 11?
77
Convert 5 (base 10) to base 12.
5
What is -151 (base 14) in base 8?
-413
1 (base 2) to base 12
1
What is 10 (base 4) in base 15?
4
Convert 7 (base 12) to base 10.
7
What is -21 (base 3) in base 5?
-12
What is -8 (base 10) in base 6?
-12
Convert 52 (base 14) to base 3.
2200
-c (base 16) to base 4
-30
What is 0 (base 12) in base 10?
0
43 (base 5) to base 16
17
Convert 4 (base 14) to base 16.
4
What is 10 (base 2) in base 9?
2
What is -111 (base 2) in base 13?
-7
Convert 4 (base 6) to base 11.
4
-178 (base 10) to base 6
-454
Convert 5 (base 9) to base 12.
5
Convert 3 (base 13) to base 11.
3
What is -12 (base 4) in base 5?
-11
Convert 4 (base 5) to base 10.
4
What is -8 (base 10) in base 2?
-1000
5 (base 7) to base 15
5
What is -134 (base 7) in base 13?
-59
Convert -3 (base 7) to base 11.
-3
Convert -10110 (base 2) to base 13.
-19
122 (base 8) to base 10
82
What is -25 (base 8) in base 9?
-23
Convert -10220 (base 4) to base 13.
-19a
Convert -5 (base 12) to base 16.
-5
What is 58 (base 13) in base 7?
133
What is -6 (base 10) in base 9?
-6
3 (base 15) to base 14
3
13 (base 15) to base 14
14
320 (base 4) to base 16
38
2 (base 5) to base 6
2
What is -53 (base 13) in base 2?
-1000100
Convert a7 (base 11) to base 16.
75
Convert -1a (base 13) to base 9.
-25
Convert 11 (base 13) to base 9.
15
Convert -6 (base 13) to base 5.
-11
-4 (base 10) to base 9
-4
0 (base 5) to base 3
0
1 (base 8) to base 11
1
Convert -d (base 16) to base 9.
-14
Convert 15a (base 12) to base 5.
1324
-1 (base 13) to base 7
-1
-6 (base 11) to base 3
-20
What is -232 (base 4) in base 8?
-56
What is -d (base 15) in base 12?
-11
121 (base 3) to base 9
17
What is 0 (base 8) in base 2?
0
What is 6 (base 10) in base 7?
6
What is -2002 (base 5) in base 8?
-374
Convert -1 (base 15) to base 6.
-1
What is b (base 16) in base 5?
21
What is -21 (base 6) in base 11?
-12
-22020 (base 3) to base 13
-141
-4 (base 11) to base 10
-4
What is -164 (base 9) in base 3?
-12011
Convert -48 (base 11) to base 15.
-37
-4 (base 15) to base 16
-4
Convert 11 (base 9) to base 12.
a
2c (base 14) to base 11
37
-5 (base 11) to base 9
-5
Convert -8 (base 14) to base 11.
-8
c1 (base 14) to base 6
441
13c (base 16) to base 14
188
21 (base 6) to base 15
d
-100 (base 10) to base 9
-121
What is -1 (base 8) in base 9?
-1
Convert -2 (base 11) to base 9.
-2
What is -5 (base 9) in base 7?
-5
What is -206 (base 7) in base 12?
-88
What is -550 (base 6) in base 7?
-420
Convert 5 (base 14) to base 8.
5
Convert 2 (base 5) to base 4.
2
What is -473 (base 9) in base 11?
-325
b (base 15) to base 13
b
What is -13 (base 15) in base 13?
-15
What is 11 (base 2) in base 3?
10
Convert 30 (base 14) to base 5.
132
-425 (base 7) to base 11
-186
Convert 2 (base 13) to base 11.
2
-2 (base 7) to base 5
-2
0 (base 4) to base 13
0
1 (base 13) to base 14
1
Convert -122 (base 12) to base 15.
-b5
-213 (base 5) to base 10
-58
Convert 0 (base 11) to base 13.
0
Convert 39 (base 14) to base 2.
110011
Convert -2 (base 7) to base 10.
-2
Convert 4 (base 10) to base 12.
4
Convert -36 (base 14) to base 6.
-120
What is 303 (base 5) in base 15?
53
0 (base 11) to base 2
0
Convert -33 (base 15) to base 14.
-36
19 (base 13) to base 4
112
32 (base 13) to base 16
29
4 (base 12) to base 10
4
12 (base 14) to base 11
15
Convert 10 (base 7) to base 16.
7
What is e (base 15) in base 14?
10
Convert 60 (base 15) to base 14.
66
What is 72 (base 9) in base 3?
2102
What is 0 (base 13) in base 10?
0
Convert 226 (base 11) to base 9.
330
What is -23 (base 11) in base 5?
-100
52 (base 7) to base 5
122
Convert 5 (base 16) to base 12.
5
What is 3 (base 15) in base 8?
3
115 (base 8) to base 12
65
215 (base 6) to base 3
10002
-332 (base 5) to base 10
-92
10000111 (base 2) to base 8
207
Convert -4 (base 13) to base 9.
-4
Convert 101110 (base 2) to base 8.
56
Convert -10 (base 7) to base 11.
-7
Convert 60 (base 10) to base 14.
44
What is -28 (base 9) in base 7?
-35
20 (base 13) to base 7
35
What is 6 (base 11) in base 13?
6
What is 215 (base 14) in base 10?
411
What is 110 (base 2) in base 6?
10
Convert -24 (base 15) to base 3.
-1021
Convert -4 (base 5) to base 7.
-4
What is 4 (base 10) in base 3?
11
22112 (base 3) to base 2
11100110
2 (base 13) to base 6
2
What is 9 (base 14) in base 16?
9
Convert 4 (base 7) to base 16.
4
Convert -4 (base 6) to base 12.
-4
2 (base 11) to base 4
2
What is 10 (base 12) in base 5?
22
What is 125 (base 12) in base 2?
10101101
What is -a6 (base 15) in base 8?
-234
Convert 2 (base 8) to base 6.
2
What is 35 (base 12) in base 9?
45
13 (base 13) to base 10
16
Convert -56 (base 13) to base 10.
-71
2 (base 12) to base 3
2
What is 3 (base 4) in base 10?
3
Convert 6 (base 9) to base 15.
6
Convert -1 (base 15) to base 5.
-1
Convert -3 (base 8) to base 13.
-3
-143 (base 6) to base 16
-3f
What is 48 (base 14) in base 5?
224
Convert -19 (base 16) to base 14.
-1b
What is -5 (base 7) in base 9?
-5
Convert -2 (base 9) to base 5.
-2
240 (base 12) to base 13
1cb
Convert 2 (base 10) to base 13.
2
Convert -501 (base 8) to base 10.
-321
What is -2 (base 5) in base 6?
-2
What is -2 (base 13) in base 14?
-2
-2 (base 3) to base 5
-2
What is -42 (base 6) in base 9?
-28
Convert -15 (base 14) to base 13.
-16
What is -12 (base 13) in base 11?
-14
-4 (base 11) to base 5
-4
-6 (base 14) to base 16
-6
Convert 4 (base 7) to base 8.
4
0 (base 11) to base 16
0
10 (base 3) to base 11
3
11 (base 12) to base 3
111
-26 (base 11) to base 5
-103
8 (base 11) to base 3
22
What is -1110 (base 2) in base 6?
-22
2 (base 7) to base 6
2
What is -2 (base 6) in base 12?
-2
Convert 12 (base 8) to base 5.
20
3 (base 7) to base 15
3
Convert 33 (base 6) to base 7.
30
What is 3 (base 8) in base 16?
3
44 (base 9) to base 16
28
What is -3 (base 4) in base 6?
-3
Convert 210 (base 4) to base 12.
30
2 (base 8) to base 2
10
Convert 60 (base 7) to base 12.
36
What is 0 (base 15) in base 3?
0
Convert -15 (base 6) to base 12.
-b
10 (base 2) to base 15
2
Convert -10 (base 9) to base 12.
-9
Convert -2 (base 7) to base 10.
-2
-11 (base 6) to base 10
-7
Convert 0 (base 7) to base 10.
0
Convert 111 (base 2) to base 4.
13
Convert -9d (base 15) to base 6.
-404
-20 (base 3) to base 12
-6
What is 24 (base 12) in base 6?
44
What is -8 (base 14) in base 16?
-8
What is -2 (base 13) in base 14?
-2
-2032 (base 4) to base 3
-12021
What is -4 (base 16) in base 13?
-4
What is -2 (base 12) in base 14?
-2
Convert 16 (base 7) to base 6.
21
What is -210 (base 3) in base 16?
-15
Convert -10 (base 2) to base 16.
-2
Convert -10 (base 4) to base 12.
-4
What is -10011 (base 2) in base 6?
-31
Convert -3 (base 14) to base 13.
-3
What is a (base 14) in base 7?
13
17 (base 11) to base 9
20
Convert -130 (base 4) to base 10.
-28
96 (base 11) to base 14
77
What is -15 (base 11) in base 12?
-14
What is 7 (base 13) in base 8?
7
4 (base 5) to base 11
4
What is -19 (base 10) in base 4?
-103
100 (base 2) to base 8
4
-12 (base 14) to base 15
-11
Convert -5 (base 13) to base 11.
-5
41 (base 10) to base 4
221
Convert 20 (base 13) to base 7.
35
Convert -7 (base 14) to base 12.
-7
Convert -33 (base 8) to base 5.
-102
Convert 3 (base 14) to base 3.
10
-7 (base 14) to base 6
-11
-20 (base 6) to base 8
-14
Convert 146 (base 7) to base 4.
1103
1003 (base 6) to base 16
db
What is -100 (base 2) in base 15?
-4
What is 1 (base 6) in base 7?
1
What is 0 (base 6) in base 3?
0
Convert 10111111 (base 2) to base 16.
bf
4 (base 13) to base 3
11
What is -27 (ba